/4)/((-8)/64). Suppose 3*d + 97 = g*m, -2*d - 18 = -m - 0*m. What are the prime factors of m?
2, 7
Let q = -18 + 22. Suppose 0*v + v = 3*m + 3, 0 = 4*v - q*m - 28. What are the prime factors of v?
3
What are the prime factors of 73/3 - 6/18?
2, 3
Suppose a = -1 + 3. Let p be ((-116)/5)/((-4)/10). What are the prime factors of a/6 + p/6?
2, 5
Let y(d) be the third derivative of 7*d**5/60 + d**4/12 - d**3/6 + 2*d**2. What are the prime factors of y(2)?
31
Let v = -15 - -9. What are the prime factors of (-7 - -10)*(-38)/v?
19
Let y = 15 - 10. Suppose 4*d - y - 19 = 0. List the prime factors of d.
2, 3
Let n(z) be the third derivative of -z**5/60 - 11*z**4/24 - 3*z**3/2 - 8*z**2. Let y be (1/(-1))/(2/14). List the prime factors of n(y).
19
Suppose 0 = 2*a + 2*a. Let n(b) = b + 1. Let k be n(a). What are the prime factors of 10*k - (7 + -5)?
2
Suppose 0*q = -2*q + 4. Suppose q*n + 6 = 5*n. Suppose -3*p - 2*i + 38 = 0, -i = -n*i + 4. List the prime factors of p.
2, 5
Let d(g) = g + 1. Let c be d(1). Suppose 0 = b + c*l - 32, -54 + 240 = 5*b - 3*l. List the prime factors of b.
2, 3
Let b(y) be the first derivative of 2*y**3 + 2*y + 2. Let d(f) be the first derivative of b(f). What are the prime factors of d(1)?
2, 3
Let c(q) = q**2 + 5*q - 5. Let a be c(-6). Suppose -w - 13 = a. Let m = w - -26. List the prime factors of m.
2, 3
Let c(p) = -p**3 - p**2 + 3*p + 1. Let g be c(-2). What are the prime factors of (-33)/6*(-3 - g)?
11
Let x = -58 + 90. List the prime factors of x.
2
Let g(j) = -j**3 + 4*j**2 + j. Let n = -6 - -9. Let c be g(n). Let i = -7 + c. List the prime factors of i.
5
List the prime factors of (1/3)/(2/426).
71
Suppose 196 = 15*c - 1034. List the prime factors of c.
2, 41
What are the prime factors of 4412/20 - 8/(-20)?
13, 17
Suppose 4*l - 2*a + 44 = 124, -3*a + 20 = l. What are the prime factors of l?
2, 5
Let y = 4 + -3. Suppose -3*q - 8 = 3*j - 2*q, -3*j - 20 = -2*q. Let r = y - j. List the prime factors of r.
5
Suppose -p + 5*p - 2*r = 72, 2*p - 2*r = 40. Suppose 4*w = -4*u + 24, 0*u - 2*u + p = w. Suppose -2*c + 65 = 5*t, -u = -4*t + 10. List the prime factors of c.
2, 5
Suppose -5*q = -4*w - 9 + 25, 0 = -2*q - 3*w + 12. Let c = -5 - -10. Suppose s - 3 - c = q. List the prime factors of s.
2
Suppose 4*h - 4*l = l, -3*h + 3*l = 3. Let t(f) = 2*f - 9. Let g be t(9). Let q = g + h. What are the prime factors of q?
2
Let t be 0 + (-2 - (-6 - -2)). Suppose -t*d = d - 60. List the prime factors of d.
2, 5
Let g = -5 - -31. What are the prime factors of g?
2, 13
Let w(b) = b - 3 + 0*b + 5 - 2*b. What are the prime factors of w(-8)?
2, 5
List the prime factors of -1 + 0/4 + 37.
2, 3
Let o(l) = 9*l**3 + 2*l**2 + 6*l. List the prime factors of o(3).
3, 31
Let n(d) be the second derivative of -2*d + 0*d**2 + 0 + 1/6*d**3. What are the prime factors of n(6)?
2, 3
Let g = 15 + -11. Suppose g*t - 18 = -2*w + w, 4*w - 61 = -5*t. What are the prime factors of w?
2, 7
Let p(i) = i + 1. Let k be p(3). Let t = 28 - k. What are the prime factors of t?
2, 3
Let j(p) = p**2 - 5*p + 2. Let i be j(5). Let l(f) = i*f - 1 + f + f**2 - 6. List the prime factors of l(-6).
11
Let c(f) = 2*f - 3 - 3*f + 2*f. Let h be c(-3). List the prime factors of 40/6 + 4/h.
2, 3
Let o = 76 - 45. Suppose 5*m = -o + 216. What are the prime factors of m?
37
Suppose 2*d = -3*r + 14, -28 = -4*d - 0*d + 5*r. Let i = d + 5. What are the prime factors of i?
2, 3
Suppose 0 = 4*h - 54 + 46. What are the prime factors of h?
2
Let y(p) = -6*p**2 + p + 10. Let h(r) = r**2 - r - 1. Let m(d) = -5*h(d) - y(d). Let q be m(-5). Suppose -v + 0*v + 2 = q. What are the prime factors of v?
2
Let m be ((-5)/(-5))/(2/(-8)). Let c(d) = d + 8. Let z be c(m). Suppose -z*i - 27 = -3*g, 2*i = 4*g - 0*i - 36. List the prime factors of g.
3
List the prime factors of 3 - (3 - -1) - -28.
3
Let x be 2*1 + (9 - 9). Suppose -2*h - x*s + 12 = 0, -3*h + 0*s = s - 14. List the prime factors of h.
2
Suppose 4*t - 29 = -3*l, 8*l + 11 = 5*l + 4*t. Suppose -l*y + 13 = 1. Suppose -2*s + 5*w = s - 36, y*w = 0. What are the prime factors of s?
2, 3
Suppose 0*w + 13 = -w + 3*n, -4*n + 20 = 0. Let b be (w/6)/(2/30). Suppose -3*f + 2*f - 33 = -4*l, b*l - 5*f - 30 = 0. What are the prime factors of l?
3
Let t(q) = -9*q - 31. List the prime factors of t(-19).
2, 5, 7
Let j = -33 - -68. List the prime factors of j.
5, 7
Suppose 390 = s - 4*h - 31, -2*h + 1193 = 3*s. List the prime factors of s.
401
Let r be 1*(0 + 0 + 3). Suppose -4*k + 53 = 3*y, r*y + y + 10 = 2*k. List the prime factors of k.
11
Let l be -1 - -4 - (-2 - -3). Let o(a) = 15*a + 2. Let c be o(l). Let h = -22 + c. What are the prime factors of h?
2, 5
Let w(f) = -3*f - 8. What are the prime factors of w(-18)?
2, 23
List the prime factors of (-2)/2 + (-10)/(-4)*40.
3, 11
Suppose -13 = -w + 2*d + 12, 5*w - 105 = 5*d. Let j = 24 - w. List the prime factors of j.
7
What are the prime factors of 2/4 - 399/(-6)?
67
Let m be (-31 + 1)/(-3) + 3. What are the prime factors of m - ((1 - 2) + 2)?
2, 3
Let x = 14 + -9. Let r = 16 - x. What are the prime factors of r?
11
Let q be 2*-1*(6 - 7). Suppose q*k - 29 - 3 = 0. What are the prime factors of k?
2
Suppose 0 = 4*w + 127 - 47. List the prime factors of (-484)/w - 2/10.
2, 3
List the prime factors of (-4)/10 + 392/5.
2, 3, 13
Let d be 10/(-55) + (-48)/(-22). Let k = d + -2. What are the prime factors of (-28)/(-3 - (-1 + k))?
2, 7
List the prime factors of 2/10 + (-14476)/(-70).
3, 23
Suppose -8 = -3*w + 2*w. Let l = 16 - w. What are the prime factors of l?
2
Let z(g) = -g**3 + 7*g**2 + 2*g - 8. List the prime factors of z(6).
2, 5
Let n = 15 - 21. Let i(u) = 238*u - 7. Let t be i(1). List the prime factors of n/15 - t/(-15).
3, 5
Let n(t) = -t**3 + 6*t**2 + 7*t + 10. Let w(z) = -3*z - 2. Let s be w(-3). What are the prime factors of n(s)?
2, 5
Suppose -10 = 4*j + 10. Let a = 12 + j. What are the prime factors of a?
7
Suppose 7*r = 5*r + 60. Let v = 79 - r. What are the prime factors of v?
7
Suppose 2*n = 3 + 3. Suppose -5*t = v - 95, 0 = 5*t - n*t + 4*v - 38. What are the prime factors of t?
19
List the prime factors of 26/8 + (-3)/12.
3
Suppose 3*s - 5*s + 6 = 0. Suppose s*x = x + 4. Suppose -x*m + d - 44 = -7*m, -31 = -3*m + 4*d. List the prime factors of m.
3
Suppose -3*h + 7*h - 8 = 0. Let s(c) = -2*c + 0*c + 3*c + h*c - 7. List the prime factors of s(7).
2, 7
Let p be (2 - 1)*(-4 + -1). Let g = 17 - p. What are the prime factors of g?
2, 11
Let r be 1/(-2) + (-21)/(-2). Let z(s) = -s**3 + s + 16. Let f be z(0). Let u = f - r. What are the prime factors of u?
2, 3
Suppose 0*o - w + 121 = 2*o, 4*o = -3*w + 247. List the prime factors of o.
2, 29
Suppose 4*c - 2*v = 1160, -7*c = -3*c + 3*v - 1180. What are the prime factors of c?
2, 73
Let h(m) = -m**2 + m + 12. Let a be h(0). List the prime factors of (-3 + 21)*a/9.
2, 3
Let c(a) = -a**3 - 3*a**2 + 5*a + 4. Let f be c(-4). Let u(l) = l. Let v be u(3). Suppose -v*p + 3 = -6*p, 4*h + 3*p - 41 = f. List the prime factors of h.
11
Let n be (158 - 16)/(3 - 1). Let c = n + -31. What are the prime factors of c?
2, 5
Let m = -14 + 10. What are the prime factors of (-2 - m)*(-4 + 5)?
2
Suppose 2*m - 5*p - 168 = 0, -m - p + 71 = -13. List the prime factors of m.
2, 3, 7
Let s be 52/9 - (-2)/9. Suppose -2 - s = -y. What are the prime factors of y?
2
Suppose -2*a = q - 74, -8*a + 164 = -4*a - 2*q. List the prime factors of a.
3, 13
Suppose 0 = -4*a + a. Suppose a*p + p = 18. What are the prime factors of p?
2, 3
Suppose 52*m = 45*m + 1869. List the prime factors of m.
3, 89
Let k = 75 - 49. What are the prime factors of k?
2, 13
Let z = 59 + -43. List the prime factors of z.
2
Let l be (5/(-4))/((-1)/4). Let y(g) = 3*g + 1. List the prime factors of y(l).
2
Let l(x) be the second derivative of -7*x**4/12 - x**3/6 - x**2/2 - x. Let u be l(-1). Let v = u + 11. List the prime factors of v.
2
Let x be 13/4 + (-2)/8. Suppose 3*w = -i + 1, -i = w - 0*i + x. List the prime factors of w.
2
Let q be -12*(1 + -5)*1. Suppose 0*y = 3*y - q. Let b = y + -6. List the prime factors of b.
2, 5
What are the prime factors of (-84)/140 - (-2)/(20/1066)?
2, 53
Let a(x) = -x**3 - x**2 + x + 2. Let n be a(0). Suppose 2*f = n*y - 0*y + 34, -2*f + 32 = -4*y. Suppose -2*r = -0*r - f. List the 